 composite?
False
Is 2336151 composite?
True
Is 145277441 a composite number?
False
Is 182358343 composite?
True
Is 3277119 a prime number?
False
Is 466295783 prime?
False
Is 52461791 composite?
False
Is 156714923 composite?
True
Is 2988581 a prime number?
False
Is 8634791 a prime number?
False
Is 956881 composite?
False
Is 2136535 composite?
True
Is 743106457 prime?
True
Is 7365653 a prime number?
False
Is 410047 a composite number?
True
Is 239555219 prime?
True
Is 23723377 a composite number?
False
Is 17404273 composite?
False
Is 2015801 composite?
False
Is 3422353 a prime number?
False
Is 299574239 a composite number?
True
Is 4640023 a composite number?
True
Is 17795297 a prime number?
False
Is 7804634 prime?
False
Is 48562123 composite?
True
Is 11905877 prime?
False
Is 243877201 prime?
True
Is 23483441 composite?
False
Is 5056651 a prime number?
True
Is 408637 a prime number?
True
Is 1443781 a prime number?
True
Is 8422133 composite?
False
Is 671053 prime?
False
Is 26030735 a prime number?
False
Is 29625077 a prime number?
False
Is 1374473 a composite number?
False
Is 668713229 a composite number?
True
Is 4598573 a composite number?
True
Is 59362267 a composite number?
False
Is 17315773 a composite number?
True
Is 27116455 composite?
True
Is 23141906 prime?
False
Is 15302447 a composite number?
False
Is 278449 composite?
True
Is 275772119 a prime number?
False
Is 12701089 a composite number?
False
Is 132543347 composite?
False
Is 1766857 a prime number?
False
Is 1526663 a prime number?
False
Is 6220367 composite?
True
Is 12139467 a prime number?
False
Is 97789357 composite?
False
Is 754897457 composite?
False
Is 88377881 a prime number?
True
Is 28133557 a prime number?
True
Is 22942487 a composite number?
True
Is 77837 a prime number?
False
Is 69699977 prime?
True
Is 4811909 prime?
True
Is 22771477 composite?
False
Is 4275251 prime?
True
Is 256757 a prime number?
True
Is 1137638981 prime?
True
Is 15392539 prime?
False
Is 437466223 prime?
True
Is 24853921 composite?
False
Is 493709 composite?
False
Is 177230429 prime?
True
Is 118127 a prime number?
True
Is 205934 a composite number?
True
Is 7408487 a prime number?
True
Is 1348181 prime?
False
Is 295111 prime?
True
Is 4322863 composite?
False
Is 10419001 a composite number?
False
Is 826889 a composite number?
True
Is 10537649 a composite number?
False
Is 264492373 composite?
False
Is 53824987 a prime number?
True
Is 22227731 a composite number?
False
Is 7904051 a composite number?
True
Is 49934323 prime?
True
Is 20968797 a prime number?
False
Is 161113 a prime number?
False
Is 59506399 a composite number?
True
Is 156060077 a composite number?
False
Is 3402359 composite?
False
Is 3712349 a prime number?
True
Is 29387557 prime?
True
Is 4230871 composite?
False
Is 3315778 a prime number?
False
Is 1102393 a composite number?
False
Is 4309577 prime?
True
Is 4120667 a composite number?
True
Is 4552649 composite?
False
Is 87179 a prime number?
True
Is 22742981 composite?
True
Is 63419 a composite number?
False
Is 1747051 a composite number?
True
Is 8022039 prime?
False
Is 841697 prime?
True
Is 3501367 a prime number?
False
Is 44417935 prime?
False
Is 7114013 prime?
False
Is 143893 prime?
False
Is 33226463 prime?
True
Is 6995015 prime?
False
Is 2968739 prime?
False
Is 135335687 a composite number?
False
Is 1230811 composite?
True
Is 67211719 a prime number?
False
Is 39141371 a prime number?
True
Is 4714393 a composite number?
False
Is 73879 prime?
False
Is 8930465 a composite number?
True
Is 255032221 a prime number?
False
Is 9032777 composite?
True
Is 2714415353 a prime number?
False
Is 61340689 a prime number?
True
Is 61797569 prime?
True
Is 1763329 a composite number?
True
Is 2739631 prime?
True
Is 360203 prime?
False
Is 26800597 composite?
True
Is 24610361 a prime number?
True
Is 1132777 a composite number?
True
Is 8968433 a prime number?
True
Is 8436997 composite?
False
Is 102391907 composite?
False
Is 32207141 a prime number?
True
Is 1865659 a prime number?
True
Is 467732687 a prime number?
True
Is 1764393 composite?
True
Is 95245147 prime?
True
Is 431470021 composite?
False
Is 89766433 composite?
False
Is 71173547 a composite number?
True
Is 340498115 prime?
False
Is 122074367 a composite number?
False
Is 4086521 a composite number?
False
Is 4948849 a prime number?
True
Is 36826421 composite?
False
Is 27291599 a composite number?
True
Is 145352491 a composite number?
True
Is 1258559 composite?
False
Is 26542013 prime?
False
Is 78101693 a prime number?
True
Is 15596539 a prime number?
False
Is 139199 a prime number?
True
Is 554710787 a prime number?
True
Is 117231529 a composite number?
True
Is 534971 a prime number?
True
Is 1769687 composite?
False
Is 758923 a prime number?
False
Is 81176947 a composite number?
False
Is 6233677 prime?
True
Is 19755779 composite?
False
Is 3733181 a composite number?
True
Is 19833433 prime?
True
Is 18528637 prime?
True
Is 7403909 prime?
True
Is 2842369 a prime number?
False
Is 7562987 prime?
True
Is 724031797 prime?
False
Is 6334231 composite?
False
Is 1019531 prime?
True
Is 13881281 a prime number?
False
Is 150280435 composite?
True
Is 86877277 composite?
False
Is 712156663 composite?
True
Is 811453487 composite?
True
Is 89232727 prime?
True
Is 8160923 a prime number?
True
Is 18473311 composite?
True
Is 177015341 composite?
True
Is 5780587 composite?
False
Is 66787687 prime?
True
Is 42027991 a prime number?
True
Is 134531867 a prime number?
True
Is 34285927 a prime number?
False
Is 4119071 prime?
False
Is 4009133 a prime number?
False
Is 1921249 composite?
True
Is 7189291 prime?
False
Is 295051849 composite?
False
Is 63357139 composite?
True
Is 43735459 composite?
False
Is 81154055 composite?
True
Is 4317611 prime?
True
Is 30642341 prime?
False
Is 7699127 composite?
True
Is 108805291 prime?
False
Is 44634523 a composite number?
False
Is 235439 composite?
False
Is 54068629 prime?
True
Is 47992723 a composite number?
False
Is 738667 prime?
False
Is 89143 a composite number?
True
Is 46369651 a prime number?
False
Is 50311 prime?
True
Is 744977 composite?
False
Is 4600171 composite?
True
Is 236508511 composite?
True
Is 10635071 a composite number?
True
Is 2235697 composite?
True
Is 16460909 a prime number?
True
Is 134647187 a prime number?
True
Is 4126685 composite?
True
Is 6373571 a prime number?
True
Is 23099645 a composite number?
True
Is 36582347 prime?
True
Is 28179779 prime?
True
Is 79102003 prime?
False
Is 725105461 a composite number?
False
Is 1677941 composite?
False
Is 25850171 composite?
True
Is 15875033 a composite number?
True
Is 61786 composite?
True
Is 4138651 a prime number?
False
Is 91973581 prime?
False
Is 845151 a prime number?
False
Is 716563 prime?
True
Is 540484987 composite?
True
Is 2274215 a prime number?
False
Is 20451791 composite?
False
Is 31365259 composite?
False
Is 4608931 composite?
True
Is 1789511 composite?
True
Is 5205583 a composite number?
False
Is 16251529 prime?
False
Is 743045 composite?
True
Is 993647 a composite number?
False
Is 34165931 a composite number?
False
Is 14263559 a prime number?
False
Is 3269089 composite?
True
Is 52008037 composite?
True
Is 36961807 a composite number?
False
Is 462433 a composite number?
True
Is 37025367 composite?
True
Is 1845863 a composite number?
True
Is 690397 composite?
False
Is 1215856885 prime?
False
Is 326831 prime?
True
Is 776861 prime?
True
Is 47812841 a composite number?
False
Is 59953559 composite?
False
Is 63210331 a prime number?
False
Is 4360543 a prime number?
False
Is 6847573 a prime number?
True
Is 12027353 prime?
False
Is 5105513 prime?
False
Is 16321369 a composite number?
True
Is 12841687 a prime number?
False
Is 6362761 a prime number?
True
Is 3450011 a prime number?
True
Is 113778113 prime?
True
Is 61406869 a composite number?
True
Is 15730889 a composite number?
True
Is 13103281 a prime number?
False
Is 3035647 a composite number?
False
Is 145988839 composite?
False
Is 13562533 composite?
True
Is 57609509 a composite number?
True
Is 18321751 a prime number?
False
Is 71771129 composite?
True
Is 82002647 composite?
True
Is 10229159 composite?
True
Is 108521713 a prime number?
True
Is 45887011 composite?
True
Is 5055781 a prime number?
True
Is 86275729 prime?
False
Is